{"id":98,"date":"2017-02-18T14:46:57","date_gmt":"2017-02-18T13:46:57","guid":{"rendered":"http:\/\/kinderhilfe-salberghaus.de\/?page_id=98"},"modified":"2025-12-29T14:40:31","modified_gmt":"2025-12-29T13:40:31","slug":"aktuelle-projekte","status":"publish","type":"page","link":"https:\/\/kinderhilfe-salberghaus.de\/?page_id=98","title":{"rendered":"Aktuelle Projekte"},"content":{"rendered":"<p>[et_pb_section fb_built=&#8220;1&#8243; fullwidth=&#8220;on&#8220; admin_label=&#8220;Sektion&#8220; _builder_version=&#8220;4.16&#8243; global_colors_info=&#8220;{}&#8220;][et_pb_fullwidth_header title=&#8220;KINDERHILFE SALBERGHAUS Putzbrunn e.V.&#8220; subhead=&#8220;Wir geben Kindern eine Perspektive&#8220; header_image_url=&#8220;https:\/\/kinderhilfe-salberghaus.de\/wp-content\/uploads\/2017\/02\/vierPunkte.png&#8220; content_max_width=&#8220;none&#8220; admin_label=&#8220;Vollbreite Kopfzeile&#8220; _builder_version=&#8220;4.16&#8243; background_color=&#8220;#00ccff&#8220; button_one_letter_spacing_hover=&#8220;0&#8243; button_two_letter_spacing_hover=&#8220;0&#8243; global_colors_info=&#8220;{}&#8220; button_one_text_size__hover_enabled=&#8220;off&#8220; button_two_text_size__hover_enabled=&#8220;off&#8220; button_one_text_color__hover_enabled=&#8220;off&#8220; button_two_text_color__hover_enabled=&#8220;off&#8220; button_one_border_width__hover_enabled=&#8220;off&#8220; button_two_border_width__hover_enabled=&#8220;off&#8220; button_one_border_color__hover_enabled=&#8220;off&#8220; button_two_border_color__hover_enabled=&#8220;off&#8220; button_one_border_radius__hover_enabled=&#8220;off&#8220; button_two_border_radius__hover_enabled=&#8220;off&#8220; button_one_letter_spacing__hover_enabled=&#8220;on&#8220; button_one_letter_spacing__hover=&#8220;0&#8243; button_two_letter_spacing__hover_enabled=&#8220;on&#8220; button_two_letter_spacing__hover=&#8220;0&#8243; button_one_bg_color__hover_enabled=&#8220;off&#8220; button_two_bg_color__hover_enabled=&#8220;off&#8220;][\/et_pb_fullwidth_header][et_pb_fullwidth_image src=&#8220;http:\/\/kinderhilfe-salberghaus.de\/wp-content\/uploads\/2025\/12\/Bannerbild_Seifenblasenkinder.jpg&#8220; _builder_version=&#8220;4.27.4&#8243; _module_preset=&#8220;default&#8220; title_text=&#8220;Bannerbild_Seifenblasenkinder&#8220; hover_enabled=&#8220;0&#8243; sticky_enabled=&#8220;0&#8243;][\/et_pb_fullwidth_image][\/et_pb_section][et_pb_section fb_built=&#8220;1&#8243; theme_builder_area=&#8220;post_content&#8220; _builder_version=&#8220;4.27.4&#8243; _module_preset=&#8220;default&#8220;][et_pb_row _builder_version=&#8220;4.27.4&#8243; _module_preset=&#8220;default&#8220; column_structure=&#8220;3_5,2_5&#8243; theme_builder_area=&#8220;post_content&#8220;][et_pb_column _builder_version=&#8220;4.27.4&#8243; _module_preset=&#8220;default&#8220; type=&#8220;3_5&#8243; theme_builder_area=&#8220;post_content&#8220;][et_pb_blurb title=&#8220;Neugestaltung des Gartenteils %22Besuchergarten%22&#8243; image=&#8220;http:\/\/kinderhilfe-salberghaus.de\/wp-content\/uploads\/2017\/04\/Gartenprojekt2.jpg&#8220; _builder_version=&#8220;4.27.4&#8243; _module_preset=&#8220;default&#8220; theme_builder_area=&#8220;post_content&#8220; title_text=&#8220;Gartenprojekt2&#8243; hover_enabled=&#8220;0&#8243; sticky_enabled=&#8220;0&#8243;]<\/p>\n<p>Das weitl\u00e4ufige Frei- und Spielgel\u00e4nde um das Salberghaus bedarf immer wieder gezielter Renovierungs- und Ver\u00e4nderungsma\u00dfnahmen. Im letzten Jahr konnten wir bereits bei der Anschaffung eines gro\u00dfen Kletterger\u00fcsts f\u00fcr die gro\u00dfen Kinder unterst\u00fctzen.<\/p>\n<p>In 2026 soll nun ein weiterer Teil des Gartens mit neuen Ger\u00e4ten ausgestattet werden, da die aktuellen Ger\u00e4tschaften schon sehr in die Jahre gekommen sind.<\/p>\n<p><span style=\"font-size: 14px;\">Hier sollen speziell f\u00fcr Elternbesuche Spielm\u00f6glichkeiten geschaffen werden mit einem kleinen Kletterger\u00fcsts, eines Spielger\u00e4tes in Form eines gr\u00f6\u00dferen Holzspielbootes sowie einigen Holztieren. Auch f\u00fcr Schatten wird gesorgt durch einen gro\u00dfen Sonnenschirm.<\/span><\/p>\n<p><span style=\"font-size: 14px;\"><\/span><\/p>\n<p><span style=\"font-size: 14px;\">Weitere Gartenarbeiten sind ebenfalls geplant: So muss Ersatz f\u00fcr die Ger\u00e4teh\u00e4uschen der Gruppen gefunden werden, da die Holzschuppen langsam morsch werden. Ebenso sollen noch Holztiere in den &#8222;gro\u00dfen Garten&#8220; kommen, die kleineren Kindern Spielspa\u00df erm\u00f6glichen.<\/span><\/p>\n<p><span style=\"font-size: 14px;\">All diese Ma\u00dfnahmen wird der F\u00f6rderverein nach Kr\u00e4ften unterst\u00fctzen<\/span><\/p>\n<p>&nbsp;<\/p>\n<p>[\/et_pb_blurb][\/et_pb_column][et_pb_column _builder_version=&#8220;4.27.4&#8243; _module_preset=&#8220;default&#8220; type=&#8220;2_5&#8243; theme_builder_area=&#8220;post_content&#8220;][et_pb_text admin_label=&#8220;Text&#8220; _builder_version=&#8220;4.16&#8243; background_size=&#8220;initial&#8220; background_position=&#8220;top_left&#8220; background_repeat=&#8220;repeat&#8220; custom_padding=&#8220;8px|8px|8px|8px&#8220; border_width_all=&#8220;0px&#8220; border_color_all=&#8220;#00ccff&#8220; border_style_all=&#8220;solid&#8220; use_border_color=&#8220;on&#8220; border_color=&#8220;#00ccff&#8220; border_style=&#8220;solid&#8220; saved_tabs=&#8220;all&#8220; global_colors_info=&#8220;{}&#8220; theme_builder_area=&#8220;post_content&#8220;]<\/p>\n<h2>Ihre Ansprechpartner<\/h2>\n<p><a href=\"m&#97;&#x69;&#x6c;t&#111;&#58;&#x25;&#x32;0&#109;&#97;&#x72;&#x74;i&#110;&#x2e;&#x68;&#x61;c&#107;&#x65;&#x72;&#64;&#107;&#105;&#x6e;&#x64;e&#114;&#104;&#x69;&#x6c;f&#101;&#x2d;&#x73;&#x61;l&#98;&#x65;&#x72;gh&#97;&#x75;&#x73;&#46;&#100;&#101;\">Martin Hacker<\/a><br \/>(Vorsitzende des Vorstands)<\/p>\n<p><a href=\"&#x6d;&#x61;&#x69;&#x6c;&#x74;&#111;&#58;&#104;&#101;idi&#x73;&#x70;&#x69;&#x63;&#x6b;&#x61;&#64;&#97;&#114;cor&#x2e;&#x64;&#x65;\" target=\"_blank\" rel=\"noopener\">Heidi Spicka<\/a><br \/>(Stellvertretende Vorsitzende)<\/p>\n<p><strong>Telefon (Zentrale): <\/strong>089-60093-0<\/p>\n<p><img decoding=\"async\" src=\"https:\/\/kinderhilfe-salberghaus.de\/wp-content\/uploads\/2017\/03\/pdf.png\" alt=\"PDF-Datei\" \/><a href=\"https:\/\/kinderhilfe-salberghaus.de\/wp-content\/uploads\/2017\/03\/Flyer_Kinderhilfe_Salberghaus_2016.pdf\" target=\"_blank\" rel=\"noopener\">Flyer Kinderhilfe Salberghaus<\/a><\/p>\n<p>[\/et_pb_text][\/et_pb_column][\/et_pb_row][\/et_pb_section][et_pb_section fb_built=&#8220;1&#8243; admin_label=&#8220;section&#8220; _builder_version=&#8220;4.16&#8243; global_colors_info=&#8220;{}&#8220;][et_pb_row column_structure=&#8220;3_4,1_4&#8243; admin_label=&#8220;row&#8220; _builder_version=&#8220;4.16&#8243; background_size=&#8220;initial&#8220; background_position=&#8220;top_left&#8220; background_repeat=&#8220;repeat&#8220; global_colors_info=&#8220;{}&#8220;][et_pb_column type=&#8220;3_4&#8243; _builder_version=&#8220;4.16&#8243; custom_padding=&#8220;|||&#8220; global_colors_info=&#8220;{}&#8220; custom_padding__hover=&#8220;|||&#8220;][et_pb_image src=&#8220;https:\/\/kinderhilfe-salberghaus.de\/wp-content\/uploads\/2017\/02\/FooterBilder.png&#8220; align_tablet=&#8220;center&#8220; align_phone=&#8220;&#8220; align_last_edited=&#8220;on|desktop&#8220; admin_label=&#8220;Bild&#8220; _builder_version=&#8220;4.16&#8243; animation_style=&#8220;slide&#8220; animation_direction=&#8220;left&#8220; animation_duration=&#8220;500ms&#8220; animation_intensity_slide=&#8220;10%&#8220; animation=&#8220;left&#8220; use_border_color=&#8220;off&#8220; border_color=&#8220;#ffffff&#8220; border_style=&#8220;solid&#8220; sticky=&#8220;off&#8220; always_center_on_mobile=&#8220;on&#8220; global_colors_info=&#8220;{}&#8220;][\/et_pb_image][\/et_pb_column][et_pb_column type=&#8220;1_4&#8243; _builder_version=&#8220;4.16&#8243; custom_padding=&#8220;|||&#8220; global_colors_info=&#8220;{}&#8220; custom_padding__hover=&#8220;|||&#8220;][et_pb_image src=&#8220;https:\/\/kinderhilfe-salberghaus.de\/wp-content\/uploads\/2017\/02\/6110219.png&#8220; align_tablet=&#8220;center&#8220; align_phone=&#8220;&#8220; align_last_edited=&#8220;on|desktop&#8220; admin_label=&#8220;Bild&#8220; _builder_version=&#8220;4.16&#8243; animation_style=&#8220;slide&#8220; animation_direction=&#8220;left&#8220; animation_duration=&#8220;500ms&#8220; animation_intensity_slide=&#8220;10%&#8220; animation=&#8220;left&#8220; use_border_color=&#8220;off&#8220; border_color=&#8220;#ffffff&#8220; border_style=&#8220;solid&#8220; sticky=&#8220;off&#8220; always_center_on_mobile=&#8220;on&#8220; global_colors_info=&#8220;{}&#8220;][\/et_pb_image][\/et_pb_column][\/et_pb_row][\/et_pb_section][et_pb_section fb_built=&#8220;1&#8243; admin_label=&#8220;Sektion&#8220; _builder_version=&#8220;4.16&#8243; background_color=&#8220;#171717&#8243; transparent_background=&#8220;off&#8220; make_fullwidth=&#8220;off&#8220; use_custom_width=&#8220;off&#8220; width_unit=&#8220;on&#8220; global_colors_info=&#8220;{}&#8220;][et_pb_row admin_label=&#8220;Zeile&#8220; _builder_version=&#8220;4.16&#8243; background_size=&#8220;initial&#8220; background_position=&#8220;top_left&#8220; background_repeat=&#8220;repeat&#8220; global_colors_info=&#8220;{}&#8220;][et_pb_column type=&#8220;4_4&#8243; _builder_version=&#8220;4.16&#8243; custom_padding=&#8220;|||&#8220; global_colors_info=&#8220;{}&#8220; custom_padding__hover=&#8220;|||&#8220;][et_pb_text admin_label=&#8220;Text&#8220; _builder_version=&#8220;4.16&#8243; background_size=&#8220;initial&#8220; background_position=&#8220;top_left&#8220; background_repeat=&#8220;repeat&#8220; text_orientation=&#8220;center&#8220; module_alignment=&#8220;center&#8220; use_border_color=&#8220;off&#8220; border_color=&#8220;#ffffff&#8220; border_style=&#8220;solid&#8220; global_colors_info=&#8220;{}&#8220;]<span style=\"color: #ffffff; margin-right: 3%;\"><a style=\"color: #ffffff;\" href=\"https:\/\/kinderhilfe-salberghaus.de\/?page_id=73\">Start<\/a><\/span> <span style=\"color: #ffffff; margin-right: 3%;\"><a style=\"color: #ffffff;\" href=\"https:\/\/kinderhilfe-salberghaus.de\/?page_id=60\">Unsere Ziele<\/a><\/span> <span style=\"color: #ffffff; margin-right: 3%;\"><a style=\"color: #ffffff;\" href=\"https:\/\/kinderhilfe-salberghaus.de\/?page_id=68\">Projekte<\/a><\/span> <span style=\"color: #ffffff; margin-right: 3%;\"><a style=\"color: #ffffff;\" href=\"https:\/\/kinderhilfe-salberghaus.de\/?page_id=70\">Spenden<\/a><\/span> <span style=\"color: #ffffff; margin-right: 3%;\"><a style=\"color: #ffffff;\" href=\"https:\/\/kinderhilfe-salberghaus.de\/?page_id=66\">Mitglied werden<\/a><\/span><br \/>\n[\/et_pb_text][et_pb_divider color=&#8220;#ffffff&#8220; disabled_on=&#8220;on|on|off&#8220; admin_label=&#8220;Teiler&#8220; _builder_version=&#8220;4.16&#8243; height=&#8220;8px&#8220; hide_on_mobile=&#8220;on&#8220; global_colors_info=&#8220;{}&#8220;][\/et_pb_divider][et_pb_text admin_label=&#8220;Text&#8220; _builder_version=&#8220;4.16&#8243; background_size=&#8220;initial&#8220; background_position=&#8220;top_left&#8220; background_repeat=&#8220;repeat&#8220; text_orientation=&#8220;center&#8220; module_alignment=&#8220;center&#8220; use_border_color=&#8220;off&#8220; border_color=&#8220;#ffffff&#8220; border_style=&#8220;solid&#8220; global_colors_info=&#8220;{}&#8220;]<span style=\"color: #aaaaaa; margin-right: 3%;\"><a style=\"color: #aaaaaa;\" href=\"https:\/\/kinderhilfe-salberghaus.de\/?page_id=64\">Kontakt<\/a><\/span> <span style=\"color: #aaaaaa; margin-right: 3%;\"><a style=\"color: #aaaaaa;\" href=\"https:\/\/kinderhilfe-salberghaus.de\/?page_id=62\">Impressum<\/a><\/span> <span style=\"color: #aaaaaa; margin-right: 3%;\"><a style=\"color: #aaaaaa;\" href=\"https:\/\/kinderhilfe-salberghaus.de\/?page_id=90\">Datenschutzerkl\u00e4rung<\/a><\/span><br \/>\n[\/et_pb_text][\/et_pb_column][\/et_pb_row][\/et_pb_section]<\/p>\n","protected":false},"excerpt":{"rendered":"<p>Das weitl\u00e4ufige Frei- und Spielgel\u00e4nde um das Salberghaus bedarf immer wieder gezielter Renovierungs- und Ver\u00e4nderungsma\u00dfnahmen. Im letzten Jahr konnten wir bereits bei der Anschaffung eines gro\u00dfen Kletterger\u00fcsts f\u00fcr die gro\u00dfen Kinder unterst\u00fctzen. In 2026 soll nun ein weiterer Teil des Gartens mit neuen Ger\u00e4ten ausgestattet werden, da die aktuellen Ger\u00e4tschaften schon sehr in die Jahre [&hellip;]<\/p>\n","protected":false},"author":1,"featured_media":0,"parent":68,"menu_order":0,"comment_status":"closed","ping_status":"closed","template":"","meta":{"_et_pb_use_builder":"on","_et_pb_old_content":"","_et_gb_content_width":"","footnotes":""},"class_list":["post-98","page","type-page","status-publish","hentry"],"_links":{"self":[{"href":"https:\/\/kinderhilfe-salberghaus.de\/index.php?rest_route=\/wp\/v2\/pages\/98","targetHints":{"allow":["GET"]}}],"collection":[{"href":"https:\/\/kinderhilfe-salberghaus.de\/index.php?rest_route=\/wp\/v2\/pages"}],"about":[{"href":"https:\/\/kinderhilfe-salberghaus.de\/index.php?rest_route=\/wp\/v2\/types\/page"}],"author":[{"embeddable":true,"href":"https:\/\/kinderhilfe-salberghaus.de\/index.php?rest_route=\/wp\/v2\/users\/1"}],"replies":[{"embeddable":true,"href":"https:\/\/kinderhilfe-salberghaus.de\/index.php?rest_route=%2Fwp%2Fv2%2Fcomments&post=98"}],"version-history":[{"count":29,"href":"https:\/\/kinderhilfe-salberghaus.de\/index.php?rest_route=\/wp\/v2\/pages\/98\/revisions"}],"predecessor-version":[{"id":641,"href":"https:\/\/kinderhilfe-salberghaus.de\/index.php?rest_route=\/wp\/v2\/pages\/98\/revisions\/641"}],"up":[{"embeddable":true,"href":"https:\/\/kinderhilfe-salberghaus.de\/index.php?rest_route=\/wp\/v2\/pages\/68"}],"wp:attachment":[{"href":"https:\/\/kinderhilfe-salberghaus.de\/index.php?rest_route=%2Fwp%2Fv2%2Fmedia&parent=98"}],"curies":[{"name":"wp","href":"https:\/\/api.w.org\/{rel}","templated":true}]}}

<p>[et_pb_section fb_built=&#8220;1&#8243; fullwidth=&#8220;on&#8220; admin_label=&#8220;Sektion&#8220; _builder_version=&#8220;4.16&#8243; global_colors_info=&#8220;{}&#8220;][et_pb_fullwidth_header title=&#8220;KINDERHILFE SALBERGHAUS Putzbrunn e.V.&#8220; subhead=&#8220;Wir geben Kindern eine Perspektive&#8220; header_image_url=&#8220;https://kinderhilfe-salberghaus.de/wp-content/uploads/2017/02/vierPunkte.png&#8220; content_max_width=&#8220;none&#8220; admin_label=&#8220;Vollbreite Kopfzeile&#8220; _builder_version=&#8220;4.16&#8243; background_color=&#8220;#00ccff&#8220; button_one_letter_spacing_hover=&#8220;0&#8243; button_two_letter_spacing_hover=&#8220;0&#8243; global_colors_info=&#8220;{}&#8220; button_one_text_size__hover_enabled=&#8220;off&#8220; button_two_text_size__hover_enabled=&#8220;off&#8220; button_one_text_color__hover_enabled=&#8220;off&#8220; button_two_text_color__hover_enabled=&#8220;off&#8220; button_one_border_width__hover_enabled=&#8220;off&#8220; button_two_border_width__hover_enabled=&#8220;off&#8220; button_one_border_color__hover_enabled=&#8220;off&#8220; button_two_border_color__hover_enabled=&#8220;off&#8220; button_one_border_radius__hover_enabled=&#8220;off&#8220; button_two_border_radius__hover_enabled=&#8220;off&#8220; button_one_letter_spacing__hover_enabled=&#8220;on&#8220; button_one_letter_spacing__hover=&#8220;0&#8243; button_two_letter_spacing__hover_enabled=&#8220;on&#8220; button_two_letter_spacing__hover=&#8220;0&#8243; button_one_bg_color__hover_enabled=&#8220;off&#8220; button_two_bg_color__hover_enabled=&#8220;off&#8220;][/et_pb_fullwidth_header][et_pb_fullwidth_image src=&#8220;http://kinderhilfe-salberghaus.de/wp-content/uploads/2025/12/Bannerbild_Seifenblasenkinder.jpg&#8220; _builder_version=&#8220;4.27.4&#8243; _module_preset=&#8220;default&#8220; title_text=&#8220;Bannerbild_Seifenblasenkinder&#8220; hover_enabled=&#8220;0&#8243; sticky_enabled=&#8220;0&#8243;][/et_pb_fullwidth_image][/et_pb_section][et_pb_section fb_built=&#8220;1&#8243; theme_builder_area=&#8220;post_content&#8220; _builder_version=&#8220;4.27.4&#8243; _module_preset=&#8220;default&#8220;][et_pb_row _builder_version=&#8220;4.27.4&#8243; _module_preset=&#8220;default&#8220; column_structure=&#8220;3_5,2_5&#8243; theme_builder_area=&#8220;post_content&#8220;][et_pb_column _builder_version=&#8220;4.27.4&#8243; _module_preset=&#8220;default&#8220; type=&#8220;3_5&#8243; theme_builder_area=&#8220;post_content&#8220;][et_pb_blurb title=&#8220;Neugestaltung des Gartenteils %22Besuchergarten%22&#8243; image=&#8220;http://kinderhilfe-salberghaus.de/wp-content/uploads/2017/04/Gartenprojekt2.jpg&#8220; _builder_version=&#8220;4.27.4&#8243; _module_preset=&#8220;default&#8220; theme_builder_area=&#8220;post_content&#8220; title_text=&#8220;Gartenprojekt2&#8243; hover_enabled=&#8220;0&#8243; sticky_enabled=&#8220;0&#8243;]</p>
<p>Das weitläufige Frei- und Spielgelände um das Salberghaus bedarf immer wieder gezielter Renovierungs- und Veränderungsmaßnahmen. Im letzten Jahr konnten wir bereits bei der Anschaffung eines großen Klettergerüsts für die großen Kinder unterstützen.</p>
<p>In 2026 soll nun ein weiterer Teil des Gartens mit neuen Geräten ausgestattet werden, da die aktuellen Gerätschaften schon sehr in die Jahre gekommen sind.</p>
<p><span style="font-size: 14px;">Hier sollen speziell für Elternbesuche Spielmöglichkeiten geschaffen werden mit einem kleinen Klettergerüsts, eines Spielgerätes in Form eines größeren Holzspielbootes sowie einigen Holztieren. Auch für Schatten wird gesorgt durch einen großen Sonnenschirm.</span></p>
<p><span style="font-size: 14px;"></span></p>
<p><span style="font-size: 14px;">Weitere Gartenarbeiten sind ebenfalls geplant: So muss Ersatz für die Gerätehäuschen der Gruppen gefunden werden, da die Holzschuppen langsam morsch werden. Ebenso sollen noch Holztiere in den &#8222;großen Garten&#8220; kommen, die kleineren Kindern Spielspaß ermöglichen.</span></p>
<p><span style="font-size: 14px;">All diese Maßnahmen wird der Förderverein nach Kräften unterstützen</span></p>
<p>&nbsp;</p>
<p>[/et_pb_blurb][/et_pb_column][et_pb_column _builder_version=&#8220;4.27.4&#8243; _module_preset=&#8220;default&#8220; type=&#8220;2_5&#8243; theme_builder_area=&#8220;post_content&#8220;][et_pb_text admin_label=&#8220;Text&#8220; _builder_version=&#8220;4.16&#8243; background_size=&#8220;initial&#8220; background_position=&#8220;top_left&#8220; background_repeat=&#8220;repeat&#8220; custom_padding=&#8220;8px|8px|8px|8px&#8220; border_width_all=&#8220;0px&#8220; border_color_all=&#8220;#00ccff&#8220; border_style_all=&#8220;solid&#8220; use_border_color=&#8220;on&#8220; border_color=&#8220;#00ccff&#8220; border_style=&#8220;solid&#8220; saved_tabs=&#8220;all&#8220; global_colors_info=&#8220;{}&#8220; theme_builder_area=&#8220;post_content&#8220;]</p>
<h2>Ihre Ansprechpartner</h2>
<p><a href="m&#97;&#x69;&#x6c;t&#111;&#58;&#x25;&#x32;0&#109;&#97;&#x72;&#x74;i&#110;&#x2e;&#x68;&#x61;c&#107;&#x65;&#x72;&#64;&#107;&#105;&#x6e;&#x64;e&#114;&#104;&#x69;&#x6c;f&#101;&#x2d;&#x73;&#x61;l&#98;&#x65;&#x72;gh&#97;&#x75;&#x73;&#46;&#100;&#101;">Martin Hacker</a><br />(Vorsitzende des Vorstands)</p>
<p><a href="&#x6d;&#x61;&#x69;&#x6c;&#x74;&#111;&#58;&#104;&#101;idi&#x73;&#x70;&#x69;&#x63;&#x6b;&#x61;&#64;&#97;&#114;cor&#x2e;&#x64;&#x65;" target="_blank" rel="noopener">Heidi Spicka</a><br />(Stellvertretende Vorsitzende)</p>
<p><strong>Telefon (Zentrale): </strong>089-60093-0</p>
<p><img decoding="async" src="https://kinderhilfe-salberghaus.de/wp-content/uploads/2017/03/pdf.png" alt="PDF-Datei" /><a href="https://kinderhilfe-salberghaus.de/wp-content/uploads/2017/03/Flyer_Kinderhilfe_Salberghaus_2016.pdf" target="_blank" rel="noopener">Flyer Kinderhilfe Salberghaus</a></p>
<p>[/et_pb_text][/et_pb_column][/et_pb_row][/et_pb_section][et_pb_section fb_built=&#8220;1&#8243; admin_label=&#8220;section&#8220; _builder_version=&#8220;4.16&#8243; global_colors_info=&#8220;{}&#8220;][et_pb_row column_structure=&#8220;3_4,1_4&#8243; admin_label=&#8220;row&#8220; _builder_version=&#8220;4.16&#8243; background_size=&#8220;initial&#8220; background_position=&#8220;top_left&#8220; background_repeat=&#8220;repeat&#8220; global_colors_info=&#8220;{}&#8220;][et_pb_column type=&#8220;3_4&#8243; _builder_version=&#8220;4.16&#8243; custom_padding=&#8220;|||&#8220; global_colors_info=&#8220;{}&#8220; custom_padding__hover=&#8220;|||&#8220;][et_pb_image src=&#8220;https://kinderhilfe-salberghaus.de/wp-content/uploads/2017/02/FooterBilder.png&#8220; align_tablet=&#8220;center&#8220; align_phone=&#8220;&#8220; align_last_edited=&#8220;on|desktop&#8220; admin_label=&#8220;Bild&#8220; _builder_version=&#8220;4.16&#8243; animation_style=&#8220;slide&#8220; animation_direction=&#8220;left&#8220; animation_duration=&#8220;500ms&#8220; animation_intensity_slide=&#8220;10%&#8220; animation=&#8220;left&#8220; use_border_color=&#8220;off&#8220; border_color=&#8220;#ffffff&#8220; border_style=&#8220;solid&#8220; sticky=&#8220;off&#8220; always_center_on_mobile=&#8220;on&#8220; global_colors_info=&#8220;{}&#8220;][/et_pb_image][/et_pb_column][et_pb_column type=&#8220;1_4&#8243; _builder_version=&#8220;4.16&#8243; custom_padding=&#8220;|||&#8220; global_colors_info=&#8220;{}&#8220; custom_padding__hover=&#8220;|||&#8220;][et_pb_image src=&#8220;https://kinderhilfe-salberghaus.de/wp-content/uploads/2017/02/6110219.png&#8220; align_tablet=&#8220;center&#8220; align_phone=&#8220;&#8220; align_last_edited=&#8220;on|desktop&#8220; admin_label=&#8220;Bild&#8220; _builder_version=&#8220;4.16&#8243; animation_style=&#8220;slide&#8220; animation_direction=&#8220;left&#8220; animation_duration=&#8220;500ms&#8220; animation_intensity_slide=&#8220;10%&#8220; animation=&#8220;left&#8220; use_border_color=&#8220;off&#8220; border_color=&#8220;#ffffff&#8220; border_style=&#8220;solid&#8220; sticky=&#8220;off&#8220; always_center_on_mobile=&#8220;on&#8220; global_colors_info=&#8220;{}&#8220;][/et_pb_image][/et_pb_column][/et_pb_row][/et_pb_section][et_pb_section fb_built=&#8220;1&#8243; admin_label=&#8220;Sektion&#8220; _builder_version=&#8220;4.16&#8243; background_color=&#8220;#171717&#8243; transparent_background=&#8220;off&#8220; make_fullwidth=&#8220;off&#8220; use_custom_width=&#8220;off&#8220; width_unit=&#8220;on&#8220; global_colors_info=&#8220;{}&#8220;][et_pb_row admin_label=&#8220;Zeile&#8220; _builder_version=&#8220;4.16&#8243; background_size=&#8220;initial&#8220; background_position=&#8220;top_left&#8220; background_repeat=&#8220;repeat&#8220; global_colors_info=&#8220;{}&#8220;][et_pb_column type=&#8220;4_4&#8243; _builder_version=&#8220;4.16&#8243; custom_padding=&#8220;|||&#8220; global_colors_info=&#8220;{}&#8220; custom_padding__hover=&#8220;|||&#8220;][et_pb_text admin_label=&#8220;Text&#8220; _builder_version=&#8220;4.16&#8243; background_size=&#8220;initial&#8220; background_position=&#8220;top_left&#8220; background_repeat=&#8220;repeat&#8220; text_orientation=&#8220;center&#8220; module_alignment=&#8220;center&#8220; use_border_color=&#8220;off&#8220; border_color=&#8220;#ffffff&#8220; border_style=&#8220;solid&#8220; global_colors_info=&#8220;{}&#8220;]<span style="color: #ffffff; margin-right: 3%;"><a style="color: #ffffff;" href="https://kinderhilfe-salberghaus.de/?page_id=73">Start</a></span> <span style="color: #ffffff; margin-right: 3%;"><a style="color: #ffffff;" href="https://kinderhilfe-salberghaus.de/?page_id=60">Unsere Ziele</a></span> <span style="color: #ffffff; margin-right: 3%;"><a style="color: #ffffff;" href="https://kinderhilfe-salberghaus.de/?page_id=68">Projekte</a></span> <span style="color: #ffffff; margin-right: 3%;"><a style="color: #ffffff;" href="https://kinderhilfe-salberghaus.de/?page_id=70">Spenden</a></span> <span style="color: #ffffff; margin-right: 3%;"><a style="color: #ffffff;" href="https://kinderhilfe-salberghaus.de/?page_id=66">Mitglied werden</a></span><br />
[/et_pb_text][et_pb_divider color=&#8220;#ffffff&#8220; disabled_on=&#8220;on|on|off&#8220; admin_label=&#8220;Teiler&#8220; _builder_version=&#8220;4.16&#8243; height=&#8220;8px&#8220; hide_on_mobile=&#8220;on&#8220; global_colors_info=&#8220;{}&#8220;][/et_pb_divider][et_pb_text admin_label=&#8220;Text&#8220; _builder_version=&#8220;4.16&#8243; background_size=&#8220;initial&#8220; background_position=&#8220;top_left&#8220; background_repeat=&#8220;repeat&#8220; text_orientation=&#8220;center&#8220; module_alignment=&#8220;center&#8220; use_border_color=&#8220;off&#8220; border_color=&#8220;#ffffff&#8220; border_style=&#8220;solid&#8220; global_colors_info=&#8220;{}&#8220;]<span style="color: #aaaaaa; margin-right: 3%;"><a style="color: #aaaaaa;" href="https://kinderhilfe-salberghaus.de/?page_id=64">Kontakt</a></span> <span style="color: #aaaaaa; margin-right: 3%;"><a style="color: #aaaaaa;" href="https://kinderhilfe-salberghaus.de/?page_id=62">Impressum</a></span> <span style="color: #aaaaaa; margin-right: 3%;"><a style="color: #aaaaaa;" href="https://kinderhilfe-salberghaus.de/?page_id=90">Datenschutzerklärung</a></span><br />
[/et_pb_text][/et_pb_column][/et_pb_row][/et_pb_section]</p>

<p>Das weitläufige Frei- und Spielgelände um das Salberghaus bedarf immer wieder gezielter Renovierungs- und Veränderungsmaßnahmen. Im letzten Jahr konnten wir bereits bei der Anschaffung eines großen Klettergerüsts für die großen Kinder unterstützen. In 2026 soll nun ein weiterer Teil des Gartens mit neuen Geräten ausgestattet werden, da die aktuellen Gerätschaften schon sehr in die Jahre [&hellip;]</p>
